 2379 a multiple of 13?
True
Is 4 a factor of 161?
False
Does 26 divide 81751?
False
Is 588 a multiple of 6?
True
Does 15 divide 2775?
True
Does 22 divide 575?
False
Does 113 divide 51641?
True
Is 29 a factor of 2407?
True
Is 29 a factor of 3283?
False
Does 15 divide 7335?
True
Is 3864 a multiple of 12?
True
Does 431 divide 71977?
True
Is 1001 a multiple of 13?
True
Is 13 a factor of 2808?
True
Does 5 divide 1470?
True
Does 58 divide 2869?
False
Is 3370 a multiple of 4?
False
Does 6 divide 7918?
False
Is 588 a multiple of 25?
False
Is 6 a factor of 2645?
False
Does 27 divide 3357?
False
Does 30 divide 1593?
False
Is 1512 a multiple of 12?
True
Is 39196 a multiple of 285?
False
Is 4 a factor of 2286?
False
Does 225 divide 36553?
False
Is 931 a multiple of 3?
False
Is 184 a factor of 4968?
True
Is 14 a factor of 209?
False
Does 18 divide 306?
True
Is 6 a factor of 492?
True
Is 16336 a multiple of 137?
False
Does 21 divide 4494?
True
Is 5 a factor of 7105?
True
Is 4653 a multiple of 33?
True
Is 4183 a multiple of 13?
False
Is 22 a factor of 15681?
False
Does 75 divide 2231?
False
Is 31601 a multiple of 72?
False
Does 126 divide 2142?
True
Does 73 divide 9610?
False
Is 35620 a multiple of 20?
True
Does 14 divide 1470?
True
Does 25 divide 5850?
True
Does 18 divide 14831?
False
Does 122 divide 366?
True
Is 24 a factor of 5712?
True
Does 17 divide 7259?
True
Does 62 divide 7874?
True
Is 3472 a multiple of 14?
True
Is 51 a factor of 1302?
False
Is 157138 a multiple of 270?
False
Is 12 a factor of 3576?
True
Is 12 a factor of 720?
True
Is 3135 a multiple of 15?
True
Is 15 a factor of 135?
True
Is 38 a factor of 7524?
True
Is 8763 a multiple of 6?
False
Is 54910 a multiple of 121?
False
Does 26 divide 1222?
True
Does 83 divide 830?
True
Does 9 divide 1271?
False
Does 223 divide 9143?
True
Is 22 a factor of 470?
False
Is 105 a factor of 4854?
False
Is 493 a multiple of 17?
True
Is 19 a factor of 2489?
True
Is 3864 a multiple of 21?
True
Is 51359 a multiple of 23?
True
Is 99 a factor of 59164?
False
Does 4 divide 2446?
False
Is 255 a multiple of 17?
True
Does 15 divide 235?
False
Does 6 divide 36154?
False
Is 6 a factor of 2403?
False
Is 227 a multiple of 22?
False
Is 1165 a multiple of 18?
False
Is 18312 a multiple of 6?
True
Does 62 divide 139?
False
Is 15 a factor of 25356?
False
Is 18 a factor of 387?
False
Is 104019 a multiple of 10?
False
Does 19 divide 400?
False
Is 48 a factor of 357?
False
Is 2 a factor of 49?
False
Does 15 divide 9814?
False
Is 33462 a multiple of 234?
True
Is 76 a factor of 11557?
False
Does 45 divide 1620?
True
Is 11 a factor of 28039?
True
Is 29580 a multiple of 58?
True
Is 85 a factor of 1785?
True
Is 215 a multiple of 3?
False
Is 80 a factor of 16960?
True
Is 13 a factor of 321?
False
Does 47 divide 1739?
True
Does 2 divide 175?
False
Does 10 divide 5360?
True
Is 128 a factor of 23808?
True
Is 51 a multiple of 17?
True
Is 6864 a multiple of 12?
True
Does 7 divide 8310?
False
Is 440 a multiple of 4?
True
Does 159 divide 23850?
True
Is 3202 a multiple of 118?
False
Is 61 a factor of 10370?
True
Does 102 divide 47226?
True
Does 68 divide 2255?
False
Does 69 divide 4623?
True
Is 30 even?
True
Is 1438 a multiple of 37?
False
Is 4 a factor of 715?
False
Does 6 divide 798?
True
Does 33 divide 1188?
True
Does 13 divide 7785?
False
Is 72 a factor of 32112?
True
Is 1485 a multiple of 11?
True
Is 998 a multiple of 9?
False
Is 176 a factor of 6595?
False
Is 34580 a multiple of 35?
True
Is 27633 a multiple of 8?
False
Does 93 divide 46872?
True
Is 51 a factor of 26367?
True
Does 109 divide 4321?
False
Does 3 divide 55?
False
Is 2912 a multiple of 2?
True
Does 5 divide 4340?
True
Is 8504 a multiple of 12?
False
Is 8 a factor of 1610?
False
Does 55 divide 1022?
False
Is 4 a factor of 151?
False
Is 7 a factor of 574?
True
Does 6 divide 2976?
True
Is 15 a factor of 31422?
False
Does 21 divide 252?
True
Is 28 a factor of 803?
False
Is 13797 a multiple of 189?
True
Does 38 divide 15960?
True
Is 74 a factor of 814?
True
Is 610 a multiple of 40?
False
Is 12 a factor of 7068?
True
Is 3324 a multiple of 12?
True
Does 28 divide 2408?
True
Is 9 a factor of 431?
False
Is 85573 a multiple of 12?
False
Is 1661 a multiple of 8?
False
Does 156 divide 4542?
False
Is 456 a multiple of 19?
True
Is 2848 a multiple of 16?
True
Is 5277 a multiple of 29?
False
Is 236 a factor of 5116?
False
Does 20 divide 20780?
True
Does 29 divide 754?
True
Is 4 a factor of 20462?
False
Is 28963 a multiple of 70?
False
Is 52968 a multiple of 211?
False
Does 44 divide 1100?
True
Is 22 a multiple of 4?
False
Does 9 divide 6307?
False
Is 150 a factor of 34429?
False
Does 20 divide 6940?
True
Is 145 a factor of 2320?
True
Is 973 a multiple of 78?
False
Is 10602 a multiple of 32?
False
Is 2 a factor of 206?
True
Is 18310 a multiple of 19?
False
Does 4 divide 12280?
True
Is 8 a factor of 9272?
True
Is 2665 a multiple of 5?
True
Is 15 a factor of 929?
False
Is 44 a factor of 704?
True
Is 8 a factor of 1001?
False
Is 20746 a multiple of 46?
True
Is 14 a factor of 623?
False
Is 14 a factor of 224?
True
Does 20 divide 4240?
True
Is 24 a factor of 240?
True
Is 781 a multiple of 71?
True
Is 16920 a multiple of 36?
True
Does 26 divide 598?
True
Is 56083 a multiple of 17?
True
Does 3 divide 2106?
True
Does 8 divide 12201?
False
Is 51 a factor of 1326?
True
Does 56 divide 31065?
False
Is 5396 a multiple of 19?
True
Does 15 divide 42?
False
Is 4440 a multiple of 24?
True
Is 7458 a multiple of 67?
False
Is 16 a factor of 37064?
False
Is 6568 a multiple of 13?
False
Does 9 divide 21327?
False
Is 2828 a multiple of 14?
True
Is 2976 a multiple of 48?
True
Is 64 a multiple of 18?
False
Is 1011 a multiple of 4?
False
Does 14 divide 406?
True
Is 882 a multiple of 14?
True
Is 12 a factor of 2093?
False
Is 20 a factor of 505?
False
Is 25 a factor of 16300?
True
Does 3 divide 2196?
True
Is 15 a factor of 3241?
False
Is 17 a factor of 7429?
True
Is 234 a multiple of 13?
True
Is 69 a factor of 12006?
True
Is 19 a factor of 38295?
False
Is 2231 a multiple of 13?
False
Is 99465 a multiple of 349?
True
Does 5 divide 2328?
False
Is 44 a multiple of 44?
True
Is 170 a factor of 3600?
False
Is 353 a multiple of 21?
False
Does 24 divide 26816?
False
Is 748 a multiple of 40?
False
Is 15 a factor of 13500?
True
Is 18615 a multiple of 15?
True
Does 69 divide 386?
False
Is 418 a multiple of 11?
True
Does 30 divide 5336?
False
Is 5 a factor of 8985?
True
Does 44 divide 531?
False
Is 9 a factor of 833?
False
Does 22 divide 3916?
True
Is 62 a factor of 16421?
False
Is 3480 a multiple of 4?
True
Does 5 divide 1379?
False
Is 132 a factor of 9851?
False
Is 12 a factor of 5357?
False
Is 4 a factor of 133?
False
Is 71 a factor of 852?
True
Does 54 divide 17250?
False
Does 4 divide 84?
True
Is 2489 a multiple of 9?
False
Is 11912 a multiple of 2?
True
Is 563 a multiple of 10?
False
Is 2191 a multiple of 7?
True
Is 570 a multiple of 32?
False
Does 18 divide 14976?
True
Does 12 divide 744?
True
Is 10 a factor of 70430?
True
Does 31 divide 12803?
True
Is 23 a factor of 486?
False
Is 61 a factor of 5063?
True
Is 486 a multiple of 54?
True
Is 34 a factor of 67754?
False
Is 345 a multiple of 15?
True
Is 17456 a multiple of 64?
False
Does 27 divide 135?
True
Is 495 a multiple of 15?
True
Does 13 divide 572?
True
Does 9 divide 255?
False
Is 620 a multiple of 55?
False
Does 7 divide 32438?
True
Is 10 a factor of 910?
True
Is 44 a factor of 2068?
True
Is 97290 a multiple of 22?
False
Is 96 a multiple of 32?
True
Is 45630 a multiple of 15?
True
Is 3467 a multiple of 19?
False
Does 96 divide 976?
False
Is 210 a factor of 47250?
True
Does 19 divide 1064?
True
Is 14105 a multiple of 35?
True
Does 19 divide 173?
False
Is 4620 a multiple of 84?
True
Is 38 a factor of 59622?
True
Is 3144 a multiple of 3?
True
Does 10 divide 5030?
True
Is 31 a factor of 9057?
False
Is 17 a factor of 1758?
False
Is 132 a factor of 3564?
True
Is 427 a multiple of 6?
False
Is 2062 a multiple of 120?
False
Is 57 a factor of 116?
False
Does 155 divide 7595?
True
Is 8159 a multiple of 41?
True
Is 30 a factor of 18452?
False
Is 11668 a multiple of 216?
False
Is 10 a factor of 680?
True
Is 420 a multiple of 18?
False
Is 10061 a multiple of 14?
False
Is 27 a fac